{"id":369,"date":"2022-04-03T14:06:44","date_gmt":"2022-04-03T14:06:44","guid":{"rendered":"https:\/\/voice-art-social.org\/?page_id=369"},"modified":"2022-04-03T14:06:44","modified_gmt":"2022-04-03T14:06:44","slug":"marion-michels","status":"publish","type":"page","link":"https:\/\/voice-art-social.lu\/?page_id=369","title":{"rendered":"Marion Michels"},"content":{"rendered":"\n<p>Trumpet, recorder, singing, piano, composing, conducting, pedagogy.<\/p>\n\n\n\n<p>Holder of several diplomas and distinguished laureate of the Musikhochschule K\u00f6ln.<\/p>\n\n\n\n<p>Postgraduate studies at the Conservatoire Royal de Gant, in Brussels, Nancy and Amsterdam.<\/p>\n\n\n\n<p>Most influential teachers and patrons: Jos Kinz\u00e9, Carlo Hommel, Jean De Ridder, Pierre Cao (Luxembourg), Ren\u00e9 Clemencic (Vienna), Hans-Martin Linde (Basel), G\u00fcnther H\u00f6ller, Johannes H\u00f6mberg (Cologne), Paule Daloze (Brussels), Zeger Vandersteene (Ghent), Mich\u00e8le Ledroit (Nancy), Marjolijn van Roon (Amsterdam), Kelucharan Mohapatra (Bhubaneswar, India).<\/p>\n\n\n\n<p>Composer, arranger. <br>Choral and orchestral conductor.<br>Recorder teacher at summer academies in Harz\u00e9, Jupille (B) and Gdansk (PL).<br>Lied and oratorio singer, baritone, tenor and falsetto.<br>Flute soloist and solo singer in different ensembles:\u00a0 Dullemajik (folk), Les Jeunes Musiciens, Virtuti Musicae, KMVL, La Fontegara, Schubertiade Luxemburg (L), La Folie du Jour (jazz, B), Pro Musica K\u00f6ln (D), Concert bris\u00e9 (F) et al.<\/p>\n\n\n\n<p>Concerts in Europe, America and Korea.<\/p>\n\n\n\n<p>Teacher at the Conservatoire de la Ville de Luxembourg and at the Conservatoire du Nord.<\/p>\n\n\n\n<p>Retired&nbsp; since September 2021.<\/p>\n","protected":false},"excerpt":{"rendered":"<p>Trumpet, recorder, singing, piano, composing, conducting, pedagogy. Holder of several diplomas and distinguished laureate of the Musikhochschule K\u00f6ln. Postgraduate studies at the Conservatoire Royal de Gant, in Brussels, Nancy and Amsterdam. Most influential teachers and patrons: Jos Kinz\u00e9, Carlo Hommel, Jean De Ridder, Pierre Cao (Luxembourg), Ren\u00e9 Clemencic (Vienna), Hans-Martin Linde (Basel), G\u00fcnther H\u00f6ller, Johannes H\u00f6mberg (Cologne), Paule Daloze (Brussels), [&hellip;]<\/p>\n","protected":false},"author":1,"featured_media":370,"parent":0,"menu_order":0,"comment_status":"closed","ping_status":"closed","template":"","meta":{"footnotes":""},"class_list":["post-369","page","type-page","status-publish","has-post-thumbnail","hentry","animated animatedFadeInUp"],"yoast_head":"<!-- This site is optimized with the Yoast SEO plugin v23.6 - https:\/\/yoast.com\/wordpress\/plugins\/seo\/ -->\n<title>Marion Michels - Voice, Art &amp; Social<\/title>\n<meta name=\"robots\" content=\"index, follow, max-snippet:-1, max-image-preview:large, max-video-preview:-1\" \/>\n<link rel=\"canonical\" href=\"https:\/\/voice-art-social.lu\/?page_id=369\" \/>\n<meta property=\"og:locale\" content=\"en_US\" \/>\n<meta property=\"og:type\" content=\"article\" \/>\n<meta property=\"og:title\" content=\"Marion Michels - Voice, Art &amp; Social\" \/>\n<meta property=\"og:description\" content=\"Trumpet, recorder, singing, piano, composing, conducting, pedagogy. Holder of several diplomas and distinguished laureate of the Musikhochschule K\u00f6ln. Postgraduate studies at the Conservatoire Royal de Gant, in Brussels, Nancy and Amsterdam. Most influential teachers and patrons: Jos Kinz\u00e9, Carlo Hommel, Jean De Ridder, Pierre Cao (Luxembourg), Ren\u00e9 Clemencic (Vienna), Hans-Martin Linde (Basel), G\u00fcnther H\u00f6ller, Johannes H\u00f6mberg (Cologne), Paule Daloze (Brussels), [&hellip;]\" \/>\n<meta property=\"og:url\" content=\"https:\/\/voice-art-social.lu\/?page_id=369\" \/>\n<meta property=\"og:site_name\" content=\"Voice, Art &amp; Social\" \/>\n<meta property=\"article:publisher\" content=\"https:\/\/www.facebook.com\/voiceartsocial\" \/>\n<meta property=\"og:image\" content=\"https:\/\/voice-art-social.lu\/wp-content\/uploads\/2022\/04\/mario.jpg\" \/>\n\t<meta property=\"og:image:width\" content=\"500\" \/>\n\t<meta property=\"og:image:height\" content=\"500\" \/>\n\t<meta property=\"og:image:type\" content=\"image\/jpeg\" \/>\n<meta name=\"twitter:card\" content=\"summary_large_image\" \/>\n<meta name=\"twitter:label1\" content=\"Est. reading time\" \/>\n\t<meta name=\"twitter:data1\" content=\"1 minute\" \/>\n<script type=\"application\/ld+json\" class=\"yoast-schema-graph\">{\"@context\":\"https:\/\/schema.org\",\"@graph\":[{\"@type\":\"WebPage\",\"@id\":\"https:\/\/voice-art-social.lu\/?page_id=369\",\"url\":\"https:\/\/voice-art-social.lu\/?page_id=369\",\"name\":\"Marion Michels - Voice, Art &amp; Social\",\"isPartOf\":{\"@id\":\"https:\/\/voice-art-social.lu\/#website\"},\"primaryImageOfPage\":{\"@id\":\"https:\/\/voice-art-social.lu\/?page_id=369#primaryimage\"},\"image\":{\"@id\":\"https:\/\/voice-art-social.lu\/?page_id=369#primaryimage\"},\"thumbnailUrl\":\"https:\/\/voice-art-social.lu\/wp-content\/uploads\/2022\/04\/mario.jpg\",\"datePublished\":\"2022-04-03T14:06:44+00:00\",\"dateModified\":\"2022-04-03T14:06:44+00:00\",\"breadcrumb\":{\"@id\":\"https:\/\/voice-art-social.lu\/?page_id=369#breadcrumb\"},\"inLanguage\":\"en-US\",\"potentialAction\":[{\"@type\":\"ReadAction\",\"target\":[\"https:\/\/voice-art-social.lu\/?page_id=369\"]}]},{\"@type\":\"ImageObject\",\"inLanguage\":\"en-US\",\"@id\":\"https:\/\/voice-art-social.lu\/?page_id=369#primaryimage\",\"url\":\"https:\/\/voice-art-social.lu\/wp-content\/uploads\/2022\/04\/mario.jpg\",\"contentUrl\":\"https:\/\/voice-art-social.lu\/wp-content\/uploads\/2022\/04\/mario.jpg\",\"width\":500,\"height\":500},{\"@type\":\"BreadcrumbList\",\"@id\":\"https:\/\/voice-art-social.lu\/?page_id=369#breadcrumb\",\"itemListElement\":[{\"@type\":\"ListItem\",\"position\":1,\"name\":\"Home\",\"item\":\"https:\/\/voice-art-social.lu\/\"},{\"@type\":\"ListItem\",\"position\":2,\"name\":\"Marion Michels\"}]},{\"@type\":\"WebSite\",\"@id\":\"https:\/\/voice-art-social.lu\/#website\",\"url\":\"https:\/\/voice-art-social.lu\/\",\"name\":\"Voice, Art &amp; Social\",\"description\":\"Welcome to the Homepage of  Voice, Art &amp; Social\",\"publisher\":{\"@id\":\"https:\/\/voice-art-social.lu\/#organization\"},\"potentialAction\":[{\"@type\":\"SearchAction\",\"target\":{\"@type\":\"EntryPoint\",\"urlTemplate\":\"https:\/\/voice-art-social.lu\/?s={search_term_string}\"},\"query-input\":{\"@type\":\"PropertyValueSpecification\",\"valueRequired\":true,\"valueName\":\"search_term_string\"}}],\"inLanguage\":\"en-US\"},{\"@type\":\"Organization\",\"@id\":\"https:\/\/voice-art-social.lu\/#organization\",\"name\":\"Voice, Art & Social\",\"url\":\"https:\/\/voice-art-social.lu\/\",\"logo\":{\"@type\":\"ImageObject\",\"inLanguage\":\"en-US\",\"@id\":\"https:\/\/voice-art-social.lu\/#\/schema\/logo\/image\/\",\"url\":\"https:\/\/voice-art-social.lu\/wp-content\/uploads\/2021\/11\/cropped-Kopie-von-Uberschrift-hinzufugen-3-x-1.5-cm.png\",\"contentUrl\":\"https:\/\/voice-art-social.lu\/wp-content\/uploads\/2021\/11\/cropped-Kopie-von-Uberschrift-hinzufugen-3-x-1.5-cm.png\",\"width\":354,\"height\":177,\"caption\":\"Voice, Art & Social\"},\"image\":{\"@id\":\"https:\/\/voice-art-social.lu\/#\/schema\/logo\/image\/\"},\"sameAs\":[\"https:\/\/www.facebook.com\/voiceartsocial\"]}]}<\/script>\n<!-- \/ Yoast SEO plugin. -->","yoast_head_json":{"title":"Marion Michels - Voice, Art &amp; Social","robots":{"index":"index","follow":"follow","max-snippet":"max-snippet:-1","max-image-preview":"max-image-preview:large","max-video-preview":"max-video-preview:-1"},"canonical":"https:\/\/voice-art-social.lu\/?page_id=369","og_locale":"en_US","og_type":"article","og_title":"Marion Michels - Voice, Art &amp; Social","og_description":"Trumpet, recorder, singing, piano, composing, conducting, pedagogy. Holder of several diplomas and distinguished laureate of the Musikhochschule K\u00f6ln. Postgraduate studies at the Conservatoire Royal de Gant, in Brussels, Nancy and Amsterdam. Most influential teachers and patrons: Jos Kinz\u00e9, Carlo Hommel, Jean De Ridder, Pierre Cao (Luxembourg), Ren\u00e9 Clemencic (Vienna), Hans-Martin Linde (Basel), G\u00fcnther H\u00f6ller, Johannes H\u00f6mberg (Cologne), Paule Daloze (Brussels), [&hellip;]","og_url":"https:\/\/voice-art-social.lu\/?page_id=369","og_site_name":"Voice, Art &amp; Social","article_publisher":"https:\/\/www.facebook.com\/voiceartsocial","og_image":[{"width":500,"height":500,"url":"https:\/\/voice-art-social.lu\/wp-content\/uploads\/2022\/04\/mario.jpg","type":"image\/jpeg"}],"twitter_card":"summary_large_image","twitter_misc":{"Est. reading time":"1 minute"},"schema":{"@context":"https:\/\/schema.org","@graph":[{"@type":"WebPage","@id":"https:\/\/voice-art-social.lu\/?page_id=369","url":"https:\/\/voice-art-social.lu\/?page_id=369","name":"Marion Michels - Voice, Art &amp; Social","isPartOf":{"@id":"https:\/\/voice-art-social.lu\/#website"},"primaryImageOfPage":{"@id":"https:\/\/voice-art-social.lu\/?page_id=369#primaryimage"},"image":{"@id":"https:\/\/voice-art-social.lu\/?page_id=369#primaryimage"},"thumbnailUrl":"https:\/\/voice-art-social.lu\/wp-content\/uploads\/2022\/04\/mario.jpg","datePublished":"2022-04-03T14:06:44+00:00","dateModified":"2022-04-03T14:06:44+00:00","breadcrumb":{"@id":"https:\/\/voice-art-social.lu\/?page_id=369#breadcrumb"},"inLanguage":"en-US","potentialAction":[{"@type":"ReadAction","target":["https:\/\/voice-art-social.lu\/?page_id=369"]}]},{"@type":"ImageObject","inLanguage":"en-US","@id":"https:\/\/voice-art-social.lu\/?page_id=369#primaryimage","url":"https:\/\/voice-art-social.lu\/wp-content\/uploads\/2022\/04\/mario.jpg","contentUrl":"https:\/\/voice-art-social.lu\/wp-content\/uploads\/2022\/04\/mario.jpg","width":500,"height":500},{"@type":"BreadcrumbList","@id":"https:\/\/voice-art-social.lu\/?page_id=369#breadcrumb","itemListElement":[{"@type":"ListItem","position":1,"name":"Home","item":"https:\/\/voice-art-social.lu\/"},{"@type":"ListItem","position":2,"name":"Marion Michels"}]},{"@type":"WebSite","@id":"https:\/\/voice-art-social.lu\/#website","url":"https:\/\/voice-art-social.lu\/","name":"Voice, Art &amp; Social","description":"Welcome to the Homepage of  Voice, Art &amp; Social","publisher":{"@id":"https:\/\/voice-art-social.lu\/#organization"},"potentialAction":[{"@type":"SearchAction","target":{"@type":"EntryPoint","urlTemplate":"https:\/\/voice-art-social.lu\/?s={search_term_string}"},"query-input":{"@type":"PropertyValueSpecification","valueRequired":true,"valueName":"search_term_string"}}],"inLanguage":"en-US"},{"@type":"Organization","@id":"https:\/\/voice-art-social.lu\/#organization","name":"Voice, Art & Social","url":"https:\/\/voice-art-social.lu\/","logo":{"@type":"ImageObject","inLanguage":"en-US","@id":"https:\/\/voice-art-social.lu\/#\/schema\/logo\/image\/","url":"https:\/\/voice-art-social.lu\/wp-content\/uploads\/2021\/11\/cropped-Kopie-von-Uberschrift-hinzufugen-3-x-1.5-cm.png","contentUrl":"https:\/\/voice-art-social.lu\/wp-content\/uploads\/2021\/11\/cropped-Kopie-von-Uberschrift-hinzufugen-3-x-1.5-cm.png","width":354,"height":177,"caption":"Voice, Art & Social"},"image":{"@id":"https:\/\/voice-art-social.lu\/#\/schema\/logo\/image\/"},"sameAs":["https:\/\/www.facebook.com\/voiceartsocial"]}]}},"_links":{"self":[{"href":"https:\/\/voice-art-social.lu\/index.php?rest_route=\/wp\/v2\/pages\/369","targetHints":{"allow":["GET"]}}],"collection":[{"href":"https:\/\/voice-art-social.lu\/index.php?rest_route=\/wp\/v2\/pages"}],"about":[{"href":"https:\/\/voice-art-social.lu\/index.php?rest_route=\/wp\/v2\/types\/page"}],"author":[{"embeddable":true,"href":"https:\/\/voice-art-social.lu\/index.php?rest_route=\/wp\/v2\/users\/1"}],"replies":[{"embeddable":true,"href":"https:\/\/voice-art-social.lu\/index.php?rest_route=%2Fwp%2Fv2%2Fcomments&post=369"}],"version-history":[{"count":1,"href":"https:\/\/voice-art-social.lu\/index.php?rest_route=\/wp\/v2\/pages\/369\/revisions"}],"predecessor-version":[{"id":371,"href":"https:\/\/voice-art-social.lu\/index.php?rest_route=\/wp\/v2\/pages\/369\/revisions\/371"}],"wp:featuredmedia":[{"embeddable":true,"href":"https:\/\/voice-art-social.lu\/index.php?rest_route=\/wp\/v2\/media\/370"}],"wp:attachment":[{"href":"https:\/\/voice-art-social.lu\/index.php?rest_route=%2Fwp%2Fv2%2Fmedia&parent=369"}],"curies":[{"name":"wp","href":"https:\/\/api.w.org\/{rel}","templated":true}]}}

<p>Trumpet, recorder, singing, piano, composing, conducting, pedagogy.</p>



<p>Holder of several diplomas and distinguished laureate of the Musikhochschule Köln.</p>



<p>Postgraduate studies at the Conservatoire Royal de Gant, in Brussels, Nancy and Amsterdam.</p>



<p>Most influential teachers and patrons: Jos Kinzé, Carlo Hommel, Jean De Ridder, Pierre Cao (Luxembourg), René Clemencic (Vienna), Hans-Martin Linde (Basel), Günther Höller, Johannes Hömberg (Cologne), Paule Daloze (Brussels), Zeger Vandersteene (Ghent), Michèle Ledroit (Nancy), Marjolijn van Roon (Amsterdam), Kelucharan Mohapatra (Bhubaneswar, India).</p>



<p>Composer, arranger. <br>Choral and orchestral conductor.<br>Recorder teacher at summer academies in Harzé, Jupille (B) and Gdansk (PL).<br>Lied and oratorio singer, baritone, tenor and falsetto.<br>Flute soloist and solo singer in different ensembles:  Dullemajik (folk), Les Jeunes Musiciens, Virtuti Musicae, KMVL, La Fontegara, Schubertiade Luxemburg (L), La Folie du Jour (jazz, B), Pro Musica Köln (D), Concert brisé (F) et al.</p>



<p>Concerts in Europe, America and Korea.</p>



<p>Teacher at the Conservatoire de la Ville de Luxembourg and at the Conservatoire du Nord.</p>



<p>Retired&nbsp; since September 2021.</p>

<p>Trumpet, recorder, singing, piano, composing, conducting, pedagogy. Holder of several diplomas and distinguished laureate of the Musikhochschule Köln. Postgraduate studies at the Conservatoire Royal de Gant, in Brussels, Nancy and Amsterdam. Most influential teachers and patrons: Jos Kinzé, Carlo Hommel, Jean De Ridder, Pierre Cao (Luxembourg), René Clemencic (Vienna), Hans-Martin Linde (Basel), Günther Höller, Johannes Hömberg (Cologne), Paule Daloze (Brussels), [&hellip;]</p>

<!-- This site is optimized with the Yoast SEO plugin v23.6 - https://yoast.com/wordpress/plugins/seo/ -->
<title>Marion Michels - Voice, Art &amp; Social</title>
<meta name="robots" content="index, follow, max-snippet:-1, max-image-preview:large, max-video-preview:-1" />
<link rel="canonical" href="https://voice-art-social.lu/?page_id=369" />
<meta property="og:locale" content="en_US" />
<meta property="og:type" content="article" />
<meta property="og:title" content="Marion Michels - Voice, Art &amp; Social" />
<meta property="og:description" content="Trumpet, recorder, singing, piano, composing, conducting, pedagogy. Holder of several diplomas and distinguished laureate of the Musikhochschule Köln. Postgraduate studies at the Conservatoire Royal de Gant, in Brussels, Nancy and Amsterdam. Most influential teachers and patrons: Jos Kinzé, Carlo Hommel, Jean De Ridder, Pierre Cao (Luxembourg), René Clemencic (Vienna), Hans-Martin Linde (Basel), Günther Höller, Johannes Hömberg (Cologne), Paule Daloze (Brussels), [&hellip;]" />
<meta property="og:url" content="https://voice-art-social.lu/?page_id=369" />
<meta property="og:site_name" content="Voice, Art &amp; Social" />
<meta property="article:publisher" content="https://www.facebook.com/voiceartsocial" />
<meta property="og:image" content="https://voice-art-social.lu/wp-content/uploads/2022/04/mario.jpg" />
	<meta property="og:image:width" content="500" />
	<meta property="og:image:height" content="500" />
	<meta property="og:image:type" content="image/jpeg" />
<meta name="twitter:card" content="summary_large_image" />
<meta name="twitter:label1" content="Est. reading time" />
	<meta name="twitter:data1" content="1 minute" />
<script type="application/ld+json" class="yoast-schema-graph">{"@context":"https://schema.org","@graph":[{"@type":"WebPage","@id":"https://voice-art-social.lu/?page_id=369","url":"https://voice-art-social.lu/?page_id=369","name":"Marion Michels - Voice, Art &amp; Social","isPartOf":{"@id":"https://voice-art-social.lu/#website"},"primaryImageOfPage":{"@id":"https://voice-art-social.lu/?page_id=369#primaryimage"},"image":{"@id":"https://voice-art-social.lu/?page_id=369#primaryimage"},"thumbnailUrl":"https://voice-art-social.lu/wp-content/uploads/2022/04/mario.jpg","datePublished":"2022-04-03T14:06:44+00:00","dateModified":"2022-04-03T14:06:44+00:00","breadcrumb":{"@id":"https://voice-art-social.lu/?page_id=369#breadcrumb"},"inLanguage":"en-US","potentialAction":[{"@type":"ReadAction","target":["https://voice-art-social.lu/?page_id=369"]}]},{"@type":"ImageObject","inLanguage":"en-US","@id":"https://voice-art-social.lu/?page_id=369#primaryimage","url":"https://voice-art-social.lu/wp-content/uploads/2022/04/mario.jpg","contentUrl":"https://voice-art-social.lu/wp-content/uploads/2022/04/mario.jpg","width":500,"height":500},{"@type":"BreadcrumbList","@id":"https://voice-art-social.lu/?page_id=369#breadcrumb","itemListElement":[{"@type":"ListItem","position":1,"name":"Home","item":"https://voice-art-social.lu/"},{"@type":"ListItem","position":2,"name":"Marion Michels"}]},{"@type":"WebSite","@id":"https://voice-art-social.lu/#website","url":"https://voice-art-social.lu/","name":"Voice, Art &amp; Social","description":"Welcome to the Homepage of  Voice, Art &amp; Social","publisher":{"@id":"https://voice-art-social.lu/#organization"},"potentialAction":[{"@type":"SearchAction","target":{"@type":"EntryPoint","urlTemplate":"https://voice-art-social.lu/?s={search_term_string}"},"query-input":{"@type":"PropertyValueSpecification","valueRequired":true,"valueName":"search_term_string"}}],"inLanguage":"en-US"},{"@type":"Organization","@id":"https://voice-art-social.lu/#organization","name":"Voice, Art & Social","url":"https://voice-art-social.lu/","logo":{"@type":"ImageObject","inLanguage":"en-US","@id":"https://voice-art-social.lu/#/schema/logo/image/","url":"https://voice-art-social.lu/wp-content/uploads/2021/11/cropped-Kopie-von-Uberschrift-hinzufugen-3-x-1.5-cm.png","contentUrl":"https://voice-art-social.lu/wp-content/uploads/2021/11/cropped-Kopie-von-Uberschrift-hinzufugen-3-x-1.5-cm.png","width":354,"height":177,"caption":"Voice, Art & Social"},"image":{"@id":"https://voice-art-social.lu/#/schema/logo/image/"},"sameAs":["https://www.facebook.com/voiceartsocial"]}]}</script>
<!-- / Yoast SEO plugin. -->

Trumpet, recorder, singing, piano, composing, conducting, pedagogy. Holder of several diplomas and distinguished laureate of the Musikhochschule Köln. Postgraduate studies at the Conservatoire Royal de Gant, in Brussels, Nancy and Amsterdam. Most influential teachers and patrons: Jos Kinzé, Carlo Hommel, Jean De Ridder, Pierre Cao (Luxembourg), René Clemencic (Vienna), Hans-Martin Linde (Basel), Günther Höller, Johannes Hömberg (Cologne), Paule Daloze (Brussels), [&hellip;]
